{"id":104,"date":"2023-11-13T08:47:50","date_gmt":"2023-11-13T08:47:50","guid":{"rendered":"https:\/\/blokulture.com\/?page_id=104"},"modified":"2024-10-24T05:48:18","modified_gmt":"2024-10-24T05:48:18","slug":"page-a-propos","status":"publish","type":"page","link":"https:\/\/blokulture.com\/index.php\/page-a-propos\/","title":{"rendered":"Page \u00e0 propos"},"content":{"rendered":"\n<p>A propos de ce site<\/p>\n\n\n\n<p>Bonjour, je m&#8217;appelle Robin jacques et je baigne dans l&#8217;univers des cryptos depuis 2019.<\/p>\n\n\n\n<p>Ce blog a pour objectif d&#8217;aider <strong>les gens \u00e0 rendre les concepts de la finance d\u00e9centralis\u00e9e accessible \u00e0 tous pour comprendre les strat\u00e9gies<\/strong> qui peuvent s&#8217;y applique. Je suis la preuve que l&#8217;on peut tout apprendre dans ce domaine <strong>m\u00eame en commencent comme un parfait novice sur le sujet<\/strong>. Il suffit pour cela de bien <strong>conna\u00eetre les concepts et constituants de base<\/strong>. Je souhaite <strong>partage les connaissances acquises<\/strong> \u00e0 force d&#8217;exp\u00e9rience et de conseil qui ont pu m&#8217;aider \u00e0 mieux comprendre et appr\u00e9hender cet \u00e9cosyst\u00e8me.<\/p>\n\n\n\n<p>Ici le lecteur pourra trouver des informations impartiales sur le fonctionnement des diff\u00e9rentes cat\u00e9gories de protocoles DeFi, des analyses approfondies et des articles d&#8217;opinion. Il est possible que le monde du web 3 et de la finance d\u00e9centralis\u00e9 connaissent une croissance exponentielle et deviendra une partie int\u00e9grante de notre vie quotidienne. Les lecteurs pourront ici \u00eatre sensibilis\u00e9s aux subtilit\u00e9s et aux avantages offerts par la r\u00e9volution blockchaine et DeFi actuelle.<\/p>\n\n\n\n<p>Ce site n&#8217;a pas pour objectif d&#8217;apprendre le trading ou la fourniture de conseil financier. Tout investissement comporte des risques de pertes partielles ou total du capital. Il est important de faire ses propres recherches et de comprendre dans quoi on investit. <\/p>\n\n\n\n<h2 class=\"wp-block-heading\">Mon exp\u00e9rience dans la crypto<\/h2>\n\n\n\n<p>En 2019, Je commence \u00e0 suivre de loin le prix de ces curiosit\u00e9s que sont les crypto-monnaies. Durant mon parcours, j&#8217;\u00e9vite toute sorte d&#8217;arnaques. J&#8217;apprends aussi le fonctionnement des principales strat\u00e9gies d&#8217;investissement en crypto. Toutes ces connaissances m&#8217;aident par la suite \u00e0 s\u00e9lectionner des projets et \u00e0 investir en connaissance de cause. Quelles sont les blockchains qui ont le plus de potentiel ? Quels sont les projets les plus utiles ? Quelles sont les tendances du moment ? Ce sont toutes ces choses et bien plus encore que j&#8217;ai pu apprendre. Ces connaissances \u00e9vitent aussi de tomber dans les nombreux pi\u00e8ges de la crypto. <\/p>\n\n\n\n<p>Depuis, je continue d&#8217;apprendre des choses dans ce domaine passionnant que sont les cryptos et la DeFi. J&#8217;explique les diff\u00e9rents concepts de base de la finance d\u00e9centralis\u00e9e, et comment ils fonctionnent.<\/p>\n\n\n\n<p><\/p>\n\n\n\n<p><\/p>\n","protected":false},"excerpt":{"rendered":"<p>A propos de ce site Bonjour, je m&#8217;appelle Robin jacques et je baigne dans l&#8217;univers des cryptos depuis 2019. Ce blog a pour objectif d&#8217;aider les gens \u00e0 rendre les concepts de la finance d\u00e9centralis\u00e9e accessible \u00e0 tous pour comprendre les strat\u00e9gies qui peuvent s&#8217;y applique. Je suis la preuve que l&#8217;on peut tout apprendre<span class=\"post-excerpt-end\">&hellip;<\/span><\/p>\n<p class=\"more-link\"><a href=\"https:\/\/blokulture.com\/index.php\/page-a-propos\/\" class=\"themebutton\">Read More<\/a><\/p>\n","protected":false},"author":1,"featured_media":0,"parent":0,"menu_order":0,"comment_status":"closed","ping_status":"closed","template":"","meta":{"footnotes":""},"class_list":["post-104","page","type-page","status-publish","hentry"],"yoast_head":"<!-- This site is optimized with the Yoast SEO plugin v26.6 - https:\/\/yoast.com\/wordpress\/plugins\/seo\/ -->\n<title>Page \u00e0 propos - blokulture<\/title>\n<meta name=\"robots\" content=\"index, follow, max-snippet:-1, max-image-preview:large, max-video-preview:-1\" \/>\n<link rel=\"canonical\" href=\"https:\/\/blokulture.com\/index.php\/page-a-propos\/\" \/>\n<meta property=\"og:locale\" content=\"en_US\" \/>\n<meta property=\"og:type\" content=\"article\" \/>\n<meta property=\"og:title\" content=\"Page \u00e0 propos - blokulture\" \/>\n<meta property=\"og:description\" content=\"A propos de ce site Bonjour, je m&#8217;appelle Robin jacques et je baigne dans l&#8217;univers des cryptos depuis 2019. Ce blog a pour objectif d&#8217;aider les gens \u00e0 rendre les concepts de la finance d\u00e9centralis\u00e9e accessible \u00e0 tous pour comprendre les strat\u00e9gies qui peuvent s&#8217;y applique. Je suis la preuve que l&#8217;on peut tout apprendre&hellip;Read More\" \/>\n<meta property=\"og:url\" content=\"https:\/\/blokulture.com\/index.php\/page-a-propos\/\" \/>\n<meta property=\"og:site_name\" content=\"blokulture\" \/>\n<meta property=\"article:modified_time\" content=\"2024-10-24T05:48:18+00:00\" \/>\n<meta name=\"twitter:card\" content=\"summary_large_image\" \/>\n<meta name=\"twitter:site\" content=\"@Ionix_crypto\" \/>\n<meta name=\"twitter:label1\" content=\"Est. reading time\" \/>\n\t<meta name=\"twitter:data1\" content=\"2 minutes\" \/>\n<script type=\"application\/ld+json\" class=\"yoast-schema-graph\">{\"@context\":\"https:\/\/schema.org\",\"@graph\":[{\"@type\":\"WebPage\",\"@id\":\"https:\/\/blokulture.com\/index.php\/page-a-propos\/\",\"url\":\"https:\/\/blokulture.com\/index.php\/page-a-propos\/\",\"name\":\"Page \u00e0 propos - blokulture\",\"isPartOf\":{\"@id\":\"https:\/\/blokulture.com\/#website\"},\"datePublished\":\"2023-11-13T08:47:50+00:00\",\"dateModified\":\"2024-10-24T05:48:18+00:00\",\"breadcrumb\":{\"@id\":\"https:\/\/blokulture.com\/index.php\/page-a-propos\/#breadcrumb\"},\"inLanguage\":\"en-US\",\"potentialAction\":[{\"@type\":\"ReadAction\",\"target\":[\"https:\/\/blokulture.com\/index.php\/page-a-propos\/\"]}]},{\"@type\":\"BreadcrumbList\",\"@id\":\"https:\/\/blokulture.com\/index.php\/page-a-propos\/#breadcrumb\",\"itemListElement\":[{\"@type\":\"ListItem\",\"position\":1,\"name\":\"Home\",\"item\":\"https:\/\/blokulture.com\/\"},{\"@type\":\"ListItem\",\"position\":2,\"name\":\"Page \u00e0 propos\"}]},{\"@type\":\"WebSite\",\"@id\":\"https:\/\/blokulture.com\/#website\",\"url\":\"https:\/\/blokulture.com\/\",\"name\":\"blokulture\",\"description\":\"\",\"publisher\":{\"@id\":\"https:\/\/blokulture.com\/#organization\"},\"potentialAction\":[{\"@type\":\"SearchAction\",\"target\":{\"@type\":\"EntryPoint\",\"urlTemplate\":\"https:\/\/blokulture.com\/?s={search_term_string}\"},\"query-input\":{\"@type\":\"PropertyValueSpecification\",\"valueRequired\":true,\"valueName\":\"search_term_string\"}}],\"inLanguage\":\"en-US\"},{\"@type\":\"Organization\",\"@id\":\"https:\/\/blokulture.com\/#organization\",\"name\":\"blokulture\",\"url\":\"https:\/\/blokulture.com\/\",\"logo\":{\"@type\":\"ImageObject\",\"inLanguage\":\"en-US\",\"@id\":\"https:\/\/blokulture.com\/#\/schema\/logo\/image\/\",\"url\":\"https:\/\/blokulture.com\/wp-content\/uploads\/2023\/12\/cropped-cropped-blog-logo-1.png\",\"contentUrl\":\"https:\/\/blokulture.com\/wp-content\/uploads\/2023\/12\/cropped-cropped-blog-logo-1.png\",\"width\":512,\"height\":512,\"caption\":\"blokulture\"},\"image\":{\"@id\":\"https:\/\/blokulture.com\/#\/schema\/logo\/image\/\"},\"sameAs\":[\"https:\/\/x.com\/Ionix_crypto\"]}]}<\/script>\n<!-- \/ Yoast SEO plugin. -->","yoast_head_json":{"title":"Page \u00e0 propos - blokulture","robots":{"index":"index","follow":"follow","max-snippet":"max-snippet:-1","max-image-preview":"max-image-preview:large","max-video-preview":"max-video-preview:-1"},"canonical":"https:\/\/blokulture.com\/index.php\/page-a-propos\/","og_locale":"en_US","og_type":"article","og_title":"Page \u00e0 propos - blokulture","og_description":"A propos de ce site Bonjour, je m&#8217;appelle Robin jacques et je baigne dans l&#8217;univers des cryptos depuis 2019. Ce blog a pour objectif d&#8217;aider les gens \u00e0 rendre les concepts de la finance d\u00e9centralis\u00e9e accessible \u00e0 tous pour comprendre les strat\u00e9gies qui peuvent s&#8217;y applique. Je suis la preuve que l&#8217;on peut tout apprendre&hellip;Read More","og_url":"https:\/\/blokulture.com\/index.php\/page-a-propos\/","og_site_name":"blokulture","article_modified_time":"2024-10-24T05:48:18+00:00","twitter_card":"summary_large_image","twitter_site":"@Ionix_crypto","twitter_misc":{"Est. reading time":"2 minutes"},"schema":{"@context":"https:\/\/schema.org","@graph":[{"@type":"WebPage","@id":"https:\/\/blokulture.com\/index.php\/page-a-propos\/","url":"https:\/\/blokulture.com\/index.php\/page-a-propos\/","name":"Page \u00e0 propos - blokulture","isPartOf":{"@id":"https:\/\/blokulture.com\/#website"},"datePublished":"2023-11-13T08:47:50+00:00","dateModified":"2024-10-24T05:48:18+00:00","breadcrumb":{"@id":"https:\/\/blokulture.com\/index.php\/page-a-propos\/#breadcrumb"},"inLanguage":"en-US","potentialAction":[{"@type":"ReadAction","target":["https:\/\/blokulture.com\/index.php\/page-a-propos\/"]}]},{"@type":"BreadcrumbList","@id":"https:\/\/blokulture.com\/index.php\/page-a-propos\/#breadcrumb","itemListElement":[{"@type":"ListItem","position":1,"name":"Home","item":"https:\/\/blokulture.com\/"},{"@type":"ListItem","position":2,"name":"Page \u00e0 propos"}]},{"@type":"WebSite","@id":"https:\/\/blokulture.com\/#website","url":"https:\/\/blokulture.com\/","name":"blokulture","description":"","publisher":{"@id":"https:\/\/blokulture.com\/#organization"},"potentialAction":[{"@type":"SearchAction","target":{"@type":"EntryPoint","urlTemplate":"https:\/\/blokulture.com\/?s={search_term_string}"},"query-input":{"@type":"PropertyValueSpecification","valueRequired":true,"valueName":"search_term_string"}}],"inLanguage":"en-US"},{"@type":"Organization","@id":"https:\/\/blokulture.com\/#organization","name":"blokulture","url":"https:\/\/blokulture.com\/","logo":{"@type":"ImageObject","inLanguage":"en-US","@id":"https:\/\/blokulture.com\/#\/schema\/logo\/image\/","url":"https:\/\/blokulture.com\/wp-content\/uploads\/2023\/12\/cropped-cropped-blog-logo-1.png","contentUrl":"https:\/\/blokulture.com\/wp-content\/uploads\/2023\/12\/cropped-cropped-blog-logo-1.png","width":512,"height":512,"caption":"blokulture"},"image":{"@id":"https:\/\/blokulture.com\/#\/schema\/logo\/image\/"},"sameAs":["https:\/\/x.com\/Ionix_crypto"]}]}},"_links":{"self":[{"href":"https:\/\/blokulture.com\/index.php\/wp-json\/wp\/v2\/pages\/104","targetHints":{"allow":["GET"]}}],"collection":[{"href":"https:\/\/blokulture.com\/index.php\/wp-json\/wp\/v2\/pages"}],"about":[{"href":"https:\/\/blokulture.com\/index.php\/wp-json\/wp\/v2\/types\/page"}],"author":[{"embeddable":true,"href":"https:\/\/blokulture.com\/index.php\/wp-json\/wp\/v2\/users\/1"}],"replies":[{"embeddable":true,"href":"https:\/\/blokulture.com\/index.php\/wp-json\/wp\/v2\/comments?post=104"}],"version-history":[{"count":11,"href":"https:\/\/blokulture.com\/index.php\/wp-json\/wp\/v2\/pages\/104\/revisions"}],"predecessor-version":[{"id":799,"href":"https:\/\/blokulture.com\/index.php\/wp-json\/wp\/v2\/pages\/104\/revisions\/799"}],"wp:attachment":[{"href":"https:\/\/blokulture.com\/index.php\/wp-json\/wp\/v2\/media?parent=104"}],"curies":[{"name":"wp","href":"https:\/\/api.w.org\/{rel}","templated":true}]}}